or of 1296724 and 286?
286
What is the greatest common divisor of 2246 and 32?
2
What is the highest common factor of 9184 and 15498?
574
What is the highest common factor of 735 and 53214?
147
Calculate the greatest common factor of 1751070 and 30.
30
Calculate the highest common factor of 148 and 925.
37
Calculate the greatest common divisor of 4208 and 105463.
263
Calculate the greatest common factor of 3097 and 323.
19
Calculate the highest common factor of 7959 and 399.
21
What is the greatest common divisor of 14440 and 143317?
361
Calculate the greatest common divisor of 48 and 714.
6
What is the greatest common divisor of 2721 and 1200?
3
Calculate the highest common factor of 784747 and 151.
151
What is the highest common divisor of 396 and 160092?
36
Calculate the highest common divisor of 10885 and 315.
35
Calculate the greatest common factor of 66408 and 336.
24
What is the highest common divisor of 614 and 6?
2
Calculate the highest common factor of 66 and 3982.
22
Calculate the greatest common factor of 360 and 389592.
72
Calculate the greatest common divisor of 4050 and 86184.
162
Calculate the highest common factor of 66144 and 3922.
106
What is the highest common divisor of 35887 and 51?
17
Calculate the highest common factor of 15000 and 21720.
120
Calculate the greatest common factor of 104615 and 56.
7
Calculate the greatest common divisor of 243 and 951480.
27
Calculate the highest common factor of 3121 and 1.
1
Calculate the highest common factor of 1539 and 7011.
171
What is the greatest common factor of 36 and 148252?
4
Calculate the highest common factor of 3097 and 23798.
163
What is the highest common divisor of 269829 and 63?
63
What is the highest common divisor of 716 and 3885732?
716
Calculate the greatest common divisor of 49 and 372547.
49
Calculate the highest common factor of 76 and 15371.
19
What is the greatest common divisor of 180370 and 476?
34
Calculate the greatest common factor of 20296 and 16.
8
Calculate the highest common divisor of 648 and 921384.
72
Calculate the greatest common divisor of 344 and 13459.
43
What is the greatest common factor of 372 and 23684?
124
Calculate the greatest common divisor of 2891 and 77.
7
Calculate the greatest common factor of 1333 and 93.
31
What is the highest common factor of 24315 and 270?
15
Calculate the highest common factor of 512 and 76512.
32
Calculate the greatest common factor of 504310 and 740.
370
What is the greatest common divisor of 20577 and 418?
19
What is the highest common factor of 446253 and 285?
57
What is the greatest common divisor of 12 and 5549892?
12
Calculate the highest common divisor of 84 and 6186.
6
What is the highest common factor of 400 and 28450?
50
Calculate the greatest common factor of 218 and 54391.
109
Calculate the greatest common factor of 39 and 95797.
13
Calculate the highest common factor of 1695 and 135.
15
What is the highest common divisor of 47033 and 105?
7
Calculate the greatest common divisor of 89128 and 26.
26
What is the greatest common factor of 400 and 30150?
50
What is the highest common factor of 4110160 and 10?
10
What is the highest common factor of 115294 and 2244?
34
What is the highest common divisor of 35 and 190085?
35
Calculate the greatest common factor of 1107 and 3483.
27
What is the highest common divisor of 2114789 and 31?
31
What is the highest common factor of 16 and 16648?
8
What is the greatest common factor of 1274394 and 198?
66
Calculate the highest common divisor of 5387079 and 477.
159
What is the greatest common divisor of 8 and 190552?
8
Calculate the highest common factor of 970 and 508474.
194
Calculate the greatest common factor of 2 and 45266.
2
Calculate the greatest common divisor of 144 and 29520.
144
Calculate the greatest common divisor of 15141 and 206.
103
Calculate the greatest common factor of 43538 and 198.
22
Calculate the greatest common factor of 12606 and 330.
66
Calculate the highest common divisor of 12604 and 1196.
92
Calculate the highest common factor of 102361 and 13769.
49
What is the greatest common divisor of 8 and 1066520?
8
Calculate the greatest common divisor of 559 and 2623.
43
Calculate the highest common factor of 136 and 10370.
34
Calculate the highest common factor of 4550 and 50.
50
Calculate the highest common divisor of 2880 and 8672.
32
Calculate the highest common factor of 3049655 and 14.
7
What is the greatest common divisor of 937090 and 154?
154
What is the greatest common divisor of 2604 and 7347?
93
What is the greatest common factor of 399234 and 138?
138
What is the highest common factor of 13029 and 9159?
129
What is the greatest common factor of 136383 and 3081?
39
Calculate the highest common factor of 205351 and 1557.
173
Calculate the greatest common factor of 208 and 339352.
104
Calculate the highest common divisor of 28 and 312802.
14
What is the greatest common factor of 556096 and 96?
32
What is the greatest common factor of 6864 and 33748?
572
What is the highest common divisor of 2871 and 1980?
99
What is the greatest common divisor of 38085 and 1335?
15
Calculate the greatest common factor of 118021 and 107.
107
What is the greatest common factor of 557406 and 895?
179
What is the highest common factor of 72855 and 81?
9
What is the highest common factor of 445513 and 94?
47
What is the highest common factor of 36 and 37458?
18
Calculate the greatest common divisor of 142 and 26909.
71
Calculate the greatest common factor of 168174 and 3.
3
What is the greatest common factor of 5882 and 2595?
173
Calculate the highest common factor of 282 and 14106.
6
Calculate the highest common divisor of 176550 and 1320.
330
Calculate the greatest common factor of 308 and 3300.
44
Calculate the greatest common divisor of 166 and 64159.
83
Calculate the highest common factor of 57828 and 2212.
316
Calculate the highest common factor of 55520 and 2560.
160
Calculate the greatest common divisor of 1408 and 2266.
22
What is the highest common factor of 15455 and 44960?
1405
Calculate the highest common divisor of 364044 and 48.
12
What is the greatest common divisor of 218628 and 1260?
36
Calculate the greatest common divisor of 492 and 4182.
246
Calculate the highest common divisor of 3 and 239691.
3
Calculate the highest common divisor of 141 and 1098249.
141
What is the greatest common divisor of 798 and 74592?
42
What is the greatest common factor of 3060 and 18405?
45
Calculate the highest common factor of 60 and 533220.
60
What is the greatest common factor of 6174 and 5508?
18
What is the greatest common factor of 3641 and 21515?
331
What is the greatest common divisor of 33919 and 856?
107
What is the highest common divisor of 1691613 and 378?
63
What is the greatest common divisor of 1488 and 4800?
48
Calculate the greatest common factor of 15352 and 45854.
202
What is the highest common factor of 56 and 394394?
14
Calculate the highest common divisor of 1350 and 43848.
54
What is the greatest common divisor of 110708 and 52?
52
Calculate the highest common divisor of 8 and 17436.
4
What is the greatest common factor of 4886 and 1363892?
698
What is the highest common divisor of 21862 and 5746?
34
Calculate the highest common factor of 30930 and 4890.
30
What is the highest common factor of 64614 and 6675?
267
Calculate the greatest common factor of 48389 and 166.
83
Calculate the greatest common factor of 99647 and 6275.
251
What is the highest common factor of 216 and 168750?
54
Calculate the greatest common divisor of 183 and 22875.
183
What is the highest common factor of 2484 and 8326?
46
What is the greatest common factor of 602525 and 154?
77
Calculate the greatest common factor of 40577 and 1.
1
What is the greatest common divisor of 1893 and 462?
3
What is the highest common divisor of 700 and 200?
100
Calculate the greatest common divisor of 358 and 65693.
179
Calculate the highest common divisor of 10688 and 78490.
334
What is the greatest common divisor of 176468 and 628?
628
Calculate the highest common factor of 8972204 and 148.
148
Calculate the highest common factor of 34 and 9872699.
17
Calculate the greatest common divisor of 68 and 53873.
17
Calculate the highest common divisor of 4 and 184102.
2
Calculate 